at is 3 - -26 - ((-10 - (3 - 16)) + 3)?
23
What is -23 + (9 - 5 - 1)?
-20
Calculate -13 + (3 - -6) + 13.
9
What is the value of -2 + 7 + (-2 - 19) - -43?
27
What is (-80 + 84 - ((8 - 1) + 0)) + 8?
5
What is -3 - (-9 + 2 + 21 + -28)?
11
Calculate (3 - 10 - -13) + -1 + (1 - -12).
18
Evaluate 15 - (6 - (-26 - -18)).
1
17 + (-1 - ((10 - 7) + 1))
12
What is the value of (-10 - 2 - -8) + 17?
13
Calculate -3 + (-3 + 4 - -22) - (-15 + 24).
11
(-54 - -9) + 15 + (-1 - -8)
-23
What is -4 + (-4 - (3 + -4 - 7))?
0
136 - 144 - (-2 - (5 + -2 + 1))
-2
Calculate -63 + 80 - (-1 + 3).
15
(-3 + (-5 - (3 + -7)) - 7) + 3
-8
Evaluate -6 - (6 - 3 - 5) - (2 - 7).
1
Calculate (10 - -4) + (-1 - 9 - -1).
5
-13 + -12 - -13 - -9
-3
-24 + 40 + (-4 - 3)
9
What is the value of 38 - ((19 - 0) + 0)?
19
Calculate 13 - (1 - (-3 - (-2 - 8 - -1))).
18
Calculate 1 + (4 + 0 - 16 - -6) + 7.
2
What is -10 + 21 + -18 + (2 - (-2 - -2))?
-5
(-22 - (-30 + 10)) + -12 + -5
-19
Evaluate (3 - -28 - 12) + -24.
-5
What is 3 + -2 + -8 + -2 + 34?
25
What is the value of (4 - 12) + 11 + -6 + 3?
0
What is the value of (0 - 1 - (-4 + 16)) + -48 + 53?
-8
Calculate (-278 - -267 - (1 - 39)) + -7.
20
Evaluate -1 + -7 + 10 + -7 + 7.
2
Evaluate 2 + (2 + -5 - (-16 + 11)) + 9.
13
What is the value of -4 - ((10 + -27 - -5) + 19 - -4)?
-15
What is the value of 1 + -29 + 54 - 37?
-11
Calculate -27 + (-14 - -10) + 10.
-21
What is 14 + (-16 - (-9 + 16))?
-9
-110 + 98 + (0 - 4 - 6)
-22
What is 21 - -1 - (0 + (-2 - 1) + 11)?
14
4 - ((14 - 31) + 20)
1
21 - (14 + (-5 + 11 - 13))
14
What is -2 - (1 + (-5 - -2) + (-38 - -39))?
-1
Calculate (0 + -13 + 14 - (0 - -1)) + 5.
5
What is the value of 13 - (14 - 10 - -10)?
-1
(-3 - ((-6 - -2) + 0)) + (1 - 7)
-5
Evaluate 10 + (-34 - (-13 - -3)).
-14
Calculate -2 + (-6 - -4) + 6 - 15.
-13
Calculate -25 + 12 + 2 + 21.
10
Evaluate (1 - 9) + 11 + 12 + (7 - 15).
7
Calculate -17 - (-25 - 3) - 12 - 2.
-3
4 + (-22 - 2) + 8 + (0 - 8)
-20
Calculate (-1 - 4) + (8 - (2 - 7)).
8
-1 + 15 + 1 + (17 - 21)
11
What is the value of -15 + 12 + -19 + 11?
-11
What is 5 + (2 - 12) + (-4 - -1) + 15?
7
Calculate -2 + -1 + 2 + (37 + -21 - 9).
6
What is the value of (2 - -9) + -12 - (-35 - -17)?
17
19 + 3 + (-12 - (10 - 16)) - 6
10
Evaluate 0 + 0 + (3 - (12 - 8)) + -11.
-12
Calculate -31 + 7 - (-17 + 14).
-21
What is (8 - 2 - (3 + -2)) + 14?
19
-3 + -13 + (19 - 2)
1
10 + (16 - 17 - (20 + 1))
-12
What is -17 + (16 - -8) - (7 - (-2 - -4))?
2
What is -4 - 2 - (2 - 11 - (-24 + -1))?
-22
What is -52 + (49 - 4) + (-12 - (2 - 2))?
-19
Evaluate -8 - (2 + (-7 - -11)) - -3.
-11
What is the value of (16 - 2) + 142 + -157?
-1
Calculate 9 + (-3 + 3 - 9).
0
What is the value of (8 + -11 - (-6 + 1)) + (2 - 10)?
-6
What is -9 + 0 + (-1 - -6) + 14 + -9?
1
Evaluate -6 - ((19 - 5) + -18).
-2
What is -2 + (-18 - -32) - ((0 - -3) + 1)?
8
What is 9 + (23 + -50 - -20) - (21 + 2)?
-21
What is (8 + -2 - (-1 - -5 - 1)) + 12?
15
What is the value of 1 + 5 + 1 + -2 + 2?
7
What is -2 + (1 - (4 + -2 + -11)) - -3?
11
Calculate -74 + 47 - (-15 - 3).
-9
Calculate (-1 - -5) + 4 + 20 + -18.
10
Evaluate (8 - (-4 + 20 - 0)) + 3 + 4.
-1
55 + -31 - (-2 - -20)
6
Evaluate -11 - -8 - (-13 + -11 + (-1 - -6)).
16
What is -13 - ((6 - (-6 + 16)) + -10)?
1
What is the value of -2 - (2 - (17 - (10 + -3)))?
6
What is (6 - -13) + -13 - 4?
2
What is -194 + 209 + (-1 - 6) + (2 - 1)?
9
Calculate (-249 - -261 - (2 - -15)) + (2 - -6).
3
Evaluate 4 + (-17 - (-14 - 4)) + (-2 - -4).
7
Calculate -3 + 5 + -10 - (-21 + 4).
9
Evaluate 11 + 29 + -20 - (0 - -7).
13
What is -46 + 8 + (20 - 7)?
-25
Calculate 4 + 1 - (162 + -163).
6
What is the value of 9 + (-9 + 16 + -1 - 27)?
-12
What is (-8 - -5 - (2 + -13)) + -221 + 241?
28
Calculate 32 + -8 - (27 + 0).
-3
What is -67 + -8 + 30 + 36?
-9
What is the value of -30 + (3 - 3) + -22 + 15 + 6?
-31
Calculate 38 + -31 + (19 - -7).
33
Calculate 5 + 22 - (46 + -17).
-2
Evaluate 9 - 0 - (-1 - (-3 + (-3 - 3))).
1
What is the value of -44 - -25 - (-32 + 1)?
12
Evaluate 8 - 36 - 6 - -50.
16
What is the value of -28 + 3 + 30 - (0 - (-5 - -4))?
4
Calculate 25 - 47 - -8 - -19.
5
What is the value of 32 - 5 - (-1 - -26)?
2
What is (-1 - -3) + -4 + (16 - 30)?
-16
-4 - (-3 + (5 - (0 + 2)) - 4)
0
Evaluate -6 - -16 - (-12 - -8 - -7 - 27).
34
What is the value of -6 + 17 + -1 + -20?
-10
What is the value of -1275 - -1253 - (-23 + 2)?
-1
2 + (9 - 2 - (11 + -3)) - 11
-10
What is the value of 339 + -351 - (-2 - (0 - -24))?
14
Evaluate (5 - (5 + -2 - 7)) + (-6 - 5).
-2
Evaluate (0 - 14) + 17 + -18.
-15
(-19 + 59 - 23) + -1
16
Evaluate 6 + 2 - (2 + -2) - (-5 + -4).
17
What is -16 + (-29 - -47) - (1 - 2)?
3
Evaluate (0 - (3 - 0)) + -34 + 38 + 3.
4
What is the value of -5 - -14 - (1 + 4 + 25)?
-21
Calculate (-7 - -10 - 3) + (-3 - 8) + 6.
-5
Evaluate 16 - (43 + -15 + -6).
-6
Calculate 8 + (25 - -2) + -33.
2
Evaluate 25 - (15 + -3 - (18 + -18)).
13
-11 + -10 + 8 + 11
-2
What is the value of 13 + (5 - 1 - 14 - 0)?
3
What is the value of (3 - 2) + -7 + 9 + -6?
-3
Calculate (-3 - 0) + (-18 - -3) + 15 + 12.
9
Evaluate (10 - 2) + -38 + 20 - 1.
-11
What is -18 + 0 + (-13 + -89 - -102)?
-18
Evaluate -5 - (-2 + (-1 - 6)) - (-5 - -7).
2
28 + 7 + -18 + -3
14
Calculate -17 + (-22 + 13 - (4 - 4 - 3)).
-23
Evaluate 1172 + -1203 - (-8 - 1).
-22
Evaluate -8 + (2 + -11 + 3 - -4).
-10
Calculate (4 + -5 - -1) + 0 + 7.
7
What is the value of 12 + (5 - 16) - 5?
-4
Evaluate -1 + 11 + -13 + (-9 + 12 - 7).
-7
What is 12 - (12 - -6) - 3?
-9
What is -24 - (13 + -5 + -5 + -6)?
-21
What is -3 - 3 - 2 - ((6 - 1) + -2)?
-11
What is (-7 - 9) + 19 - (-2 - -1)?
4
What is the value of -1 + 2 - (83 - 72)?
-10
Evaluate -2 - (-14 + 48 + -6).
-30
Calculate -1 - (3 - 2) - (1 - 3).
0
Calculate (2 + -6 - -1) + -112 + 141.
26
Calculate -1 + -1 + 2 + -1 + (-3 - -11).
7
What is the value of (2 - 5) + -4 + (6 + -11 - -1)?
-11
What is 38 - 15 - 34 - 6?
-17
-4 - (-6 + (-1 - 8 - -10))
1
Evaluate (0 - -29) + (239 - 250).
18
-4 + (5 - 1) + 3 + 0 - 1
2
Evaluate (-6 - -1 - 3) + (-5 - (-35 - -53)).
-31
((3 - -2) + -7 - 7) + 1 + -12
-20
What is the value of -4 - (0 - (7 + -15) - (2 + 17))?
7
What is the value of 7 + (-7 - -6) - (-5 + 9)?
2
Evaluate -6 - -5 - 1 - (-11 - -14).
-5
-24 + (5 - -2 - -7)
-10
(-22 + 7 - (-54 - -2)) + -13
24
What is the value of 0 - -3 - (-24 + 16)?
11
What is the value of -1 + 2 + -5 - (4 - -2)?
-10
Evaluate 3 + (4 + -6 + -1 - -26).
26
What is -18 - (10 + -7 - -4 - -9)?
-34
(5 - 5 - 1) + -3 - 6
-10
Calculate (2 - (-1 + 6)) + 1 + -1.
-3
18 - (8 - 1 - (73 + -76))
8
Calculate 2 + 4 + 3 + 3 - -1.
13
Calculate -7 - (-11 - (-4 + -6)) - 8.
-14
Evaluate 17 - 1 - (18 + -12).
10
What is the value of (-1134 - -1131) + 2 + 3?
2
-9 + -14 + 30 + -16 + 39
30
What is the value of -3 - ((-2 - 5) + 20 + 0) - 1?
-17
What is the value of (9 - 6) + 0 + -4 - -12?
11
Evaluate 0 + 0 + -6 - ((-1 - 5) + 3).
-3
-18 - (-20 + 2 - -4)
-4
What is 3064 + -3084 + (5 - -1 - -1)?
-13
Calculate 15 - 3 - 9 - -5.
8
Calculate -1 + 2 - ((-2 + -10 - 3) + 16).
0
Calculate (-34 - -26) + (23 - 7) + 0 + -7.
1
Calculate -24 + (2 - 9 - (-17 - -24 - 18)).
-20
What is (180 - 187) + (21 - 1)?
13
What is the value of 22 + (-4 - -8) + (4 - 10) - -8?
28
Evaluate 29 - (-10 - -52) - -19.
6
Calculate 2 - (8 - 1) - 0 - -2 - 3.
-6
Calculate 25 + -18 - 0 - -20.
27
What is 2 - -8 - (-14 - -37)?
-13
Evaluate 38 + -30 + (3 - (8 - -1 - 2)).
4
4 - 4 - ((-6 + 15 - -27) + -15)
-21
Evaluate 1 + -2 + -3 + -6 + 7 - -9.
6
Evaluate -16 + 1 + (-1 - -5) + (55 - 58).
-14
Calculate -18 - (-4 - (3 - 0)).
-11
What is -12 + (0 - 0) + -280 + 287?
-5
-26 + 16 + 0 + 17
7
What is the value of -4 + 6 + (-3 + 5 - -3 - 7)?
0
Evaluate -93 - -89 - ((5 - 3) + -3).
-3
What is 9 - ((6 - -3) + 8 + -10)?
2
What is the value of -47 + 1 - -39 - (7 - 0)?
-14
Evaluate (10 - (-3 - -37)) + -3.
-27
Evaluate (-14 - (-11 - (-9 + 4))) + (-28 - -13).
-23
Evaluate (-30 - 11) + 29 - (2 - 13).
-1
What is -47 + 62 + -9 + 3 + -18?
-9
What is the value of 15 - ((-19 - -28) + -6 + 10)?
2
What is (2 - 7) + -17 + 35 - 9 - 10?
-6
Evaluate -2 + 9 + -11 + -1.
-5
Calculate -3 + -24 + 34 + -2 + -3.
2
Evaluate 43 - (126 - 41 - 16).
-26
(-7 - (4 - 9) - -8 - 10) + 1
-3
Calculate 13 + -7 + -7 + (-1 - (-23 - -2)).
19
What is 5 + -19 + 3 + 7 + -5?
-9
-14 - 19 - (-36 + 37)
-34
Evaluate 1322 +